
In base 14, what is -7 - -127?
120
In base 4, what is 1 - -2201?
2202
In base 15, what is -3 + 1349?
1346
In base 13, what is 361 - 3?
35b
In base 12, what is -b29 - 5?
-b32
In base 8, what is 63 + 315?
400
In base 5, what is 402 + 3?
410
In base 5, what is -30 + 4?
-21
In base 2, what is -11101 - 110?
-100011
In base 3, what is -11 + 1112001?
1111220
In base 13, what is -2a8 - 0?
-2a8
In base 3, what is -12021 - -21?
-12000
In base 12, what is -b + -25?
-34
In base 5, what is 3 - 2012?
-2004
In base 16, what is 4 - -ca4?
ca8
In base 11, what is -1 - -509?
508
In base 8, what is -1642 + 35?
-1605
In base 8, what is 416 + -37?
357
In base 14, what is -4 + -114?
-118
In base 16, what is 6 + c9?
cf
In base 16, what is 2 - c?
-a
In base 10, what is 0 - 314?
-314
In base 5, what is -2441 + -11?
-3002
In base 11, what is 7 + -7?
0
In base 7, what is -4 - 2003?
-2010
In base 5, what is 2 + 221?
223
In base 11, what is -1 + -2954?
-2955
In base 8, what is -3 + -3?
-6
In base 8, what is -1115 + 4?
-1111
In base 9, what is 1 - -5?
6
In base 8, what is -6 - -721?
713
In base 14, what is -3 - -191?
18c
In base 15, what is -295 + 2?
-293
In base 11, what is 492 - 19?
474
In base 6, what is -31 + -1?
-32
In base 2, what is 10110011001 + -11?
10110010110
In base 8, what is 11 - 41?
-30
In base 3, what is -12 + 121120?
121101
In base 8, what is 377 + -3?
374
In base 12, what is 11 + a?
1b
In base 13, what is 2a8b - -5?
2a93
In base 2, what is 10000010 - 10?
10000000
In base 16, what is -3 + -112?
-115
In base 12, what is 51 + -2?
4b
In base 11, what is -5 + 3?
-2
In base 8, what is -24 - -5?
-17
In base 2, what is 11 + -10110111101?
-10110111010
In base 7, what is 0 - 32?
-32
In base 9, what is 2 - -203?
205
In base 13, what is -9 - 143?
-14c
In base 11, what is 4992 + -2?
4990
In base 3, what is 120201 + -12?
120112
In base 14, what is -7dd + -3?
-802
In base 8, what is 4 - 64?
-60
In base 15, what is -1 + -8e?
-90
In base 11, what is 8 + 220?
228
In base 6, what is 1001 - 1?
1000
In base 12, what is -53 + 74?
21
In base 12, what is 1a + 98?
b6
In base 2, what is 101 - -1101010?
1101111
In base 5, what is 20 + -1142?
-1122
In base 2, what is -1101 + -101100101?
-101110010
In base 5, what is 231 - 24?
202
In base 13, what is 1923 + 5?
1928
In base 12, what is -6 - 72?
-78
In base 4, what is 2 - -200?
202
In base 16, what is -a2 + 4?
-9e
In base 3, what is 0 + 122?
122
In base 4, what is -1130 + 3?
-1121
In base 3, what is -1 + -112220?
-112221
In base 2, what is -100 + -1011001101?
-1011010001
In base 4, what is 2 - 0?
2
In base 9, what is 117 - -373?
501
In base 10, what is 2871 - -2?
2873
In base 4, what is 2 - -11212?
11220
In base 13, what is -4 - -3?
-1
In base 8, what is -7 + -37?
-46
In base 11, what is 52 + 70?
112
In base 4, what is 1023 - 1021?
2
In base 11, what is -11a - 12?
-131
In base 14, what is 1 - -23?
24
In base 5, what is -242 + 1?
-241
In base 8, what is 3400 - -5?
3405
In base 3, what is -12 - 1120?
-1202
In base 3, what is -112 + 1010?
121
In base 7, what is -30315 + 2?
-30313
In base 11, what is 24 + -87?
-63
In base 5, what is 42 - 214?
-122
In base 7, what is 5 - 1423?
-1415
In base 15, what is 5 - -13a?
140
In base 15, what is -21 + 25?
4
In base 11, what is 5 + 6?
10
In base 8, what is -1 + -674?
-675
In base 12, what is -1 + -906?
-907
In base 8, what is 102 - -42?
144
In base 14, what is -b8b + 3?
-b88
In base 10, what is -1199 - 0?
-1199
In base 6, what is 11 + -43?
-32
In base 2, what is -10101011011 - 101?
-10101100000
In base 12, what is -46 + -5?
-4b
In base 7, what is -23 - -5?
-15
In base 3, what is -2212111 + 2?
-2212102
In base 13, what is -296 - 5?
-29b
In base 3, what is -121222110 + 10?
-121222100
In base 13, what is 6 - 5?
1
In base 10, what is 152 - -34?
186
In base 7, what is -4534 - -5?
-4526
In base 13, what is 251 - 9?
245
In base 4, what is 123 - 10?
113
In base 16, what is -2 + 1c5?
1c3
In base 11, what is -5 + 52?
48
In base 14, what is -5 - 110?
-115
In base 15, what is e4e - -5?
e54
In base 4, what is 3 + -1012?
-1003
In base 15, what is 4 + -4?
0
In base 3, what is 2 + 2210?
2212
In base 9, what is 0 - -345?
345
In base 11, what is -243 - 6?
-249
In base 7, what is 4102 - 1?
4101
In base 16, what is -3 + 14?
11
In base 4, what is -13 - 3310?
-3323
In base 15, what is -d - -5?
-8
In base 16, what is 3e + -d?
31
In base 16, what is -1b7 - -f?
-1a8
In base 4, what is 13223 - -200?
20023
In base 10, what is -24 - 2?
-26
In base 10, what is 0 + -2?
-2
In base 14, what is 1d + -14?
9
In base 10, what is 1 + 1721?
1722
In base 13, what is 9 + 19a?
1a6
In base 2, what is 100100 - 110?
11110
In base 2, what is 11 + 111011000?
111011011
In base 16, what is 2f + 7?
36
In base 6, what is 3014 + 4?
3022
In base 4, what is 130 - 10?
120
In base 3, what is -112211 + 12?
-112122
In base 14, what is 11d7 + 4?
11db
In base 4, what is -130003 + 1?
-130002
In base 6, what is 0 + 550?
550
In base 8, what is 7 + -4?
3
In base 6, what is -5 - 133?
-142
In base 7, what is -115 - -4?
-111
In base 16, what is -2 - 25?
-27
In base 4, what is -20000 - 11?
-20011
In base 14, what is d + 9d7?
a06
In base 6, what is -1 - -3255?
3254
In base 7, what is 2052 + -4?
2045
In base 12, what is -19 + -5?
-22
In base 12, what is 2b - -1bb?
22a
In base 3, what is 1121201 - -10?
1121211
In base 12, what is -1a - 12?
-30
In base 13, what is -3 + -62?
-65
In base 8, what is 4 - 10000?
-7774
In base 12, what is -97 + 6?
-91
In base 6, what is 42 - 1153?
-1111
In base 4, what is -30 + 220?
130
In base 9, what is 851 + -5?
845
In base 5, what is 1144 - -1?
1200
In base 14, what is -2 + -15c?
-160
In base 14, what is 49a + 5?
4a1
In base 7, what is 3225 - -15?
3243
In base 10, what is -21 + 6?
-15
In base 12, what is 0 + 3a?
3a
In base 3, what is 2000122 + 11?
2000210
In base 12, what is -1b0b + -2?
-1b11
In base 11, what is 11696 - 0?
11696
In base 12, what is 56b9 - -5?
5702
In base 7, what is -5062 - -13?
-5046
In base 2, what is 100 - -1100?
10000
In base 16, what is 9ad + -5?
9a8
In base 11, what is -2 + -274?
-276
In base 2, what is 1011110 - 100?
1011010
In base 6, what is 1 + 3043?
3044
In base 12, what is -1 + 2?
1
In base 6, what is -315 - 10?
-325
In base 6, what is 20020 - 2?
20014
In base 11, what is 6 - 81?
-76
In base 15, what is 5 - 210?
-20a
In base 7, what is 334 + 42?
406
In base 2, what is -10101 - 1000?
-11101
In base 11, what is 5a2 - -1?
5a3
In base 14, what is -8c + 0?
-8c
In base 7, what is -25 + -36?
-64
In base 11, what is -81 - -5?
-77
In base 16, what is -3 - 2b6?
-2b9
In base 6, what is 52054 - 4?
52050
In base 11, what is 2 - 5?
-3
In base 15, what is -5 - 94?
-99
In base 14, what is 1 - -2641?
2642
In base 14, what is -4dd + -d?
-50c
In base 9, what is -704 - 5?
-710
In base 10, what is 22259 - 0?
22259
In base 11, what is 9 - 3369?
-3360
In base 8, what is -10420 + 3?
-10415
In base 2, what is -11100010 + -101?
-11100111
In base 4, what is -13 + -1033?
-1112
In base 7, what is 13 - -1624?
1640
In base 12, what is -105 + -2?
-107
In base 11, what is 3 - 704?
-701
In base 8, what is 12 - -77?
111
In base 12, what is 126 - -67?
191
In base 5, what is 4 + -120?
-111
In base 14, what is -3 + -b5?
-b8
In base 14, what is -550 + -3?
-553
In base 12, what is 114 - 5?
10b
In base 6, what is 2002 - 104?
1454
In base 3, what is -2122 + 12?
-2110
In base 4, what is 11102 - -112?
11220
In base 15, what is -4 - -56?
52
In base 4, what is 2 - -11321?
11323
In base 4, what is 310 - 11?
233
In base 10, what is 451 + 6?
457
In base 6, what is -522 - 4?
-530
In base 9, what is 5 - 653?
-647
In base 9, what is 775 - -5?
781
In base 3, what is 2 + 20100220?
20100222
In base 10, what is -15474 + -5?
-15479
In base 16, what is -89 - -9?
-80
In base 13, what is 3 + -58?
-55
In base 14, what is 189 + 2?
18b
In base 10, what is 5 - 168?
-163
In base 14, what is 14 + -1?
13
In base 8, what is -21 + 0?
-21
In base 9, what is -125 - -40?
-75
In base 5, what is 3 + -141?
-133
In base 3, what is -201 + 2?
-122
In base 3, what is 101 - 22121?
-22020
In base 7, what is 3 + 12?
15
In base 3, what is 12 - -212?
1001
In base 3, what is -122222 - 12?
-200011
In base 16, what is -202 - -5?
-1fd
In base 6, what is 134 + -112?
22
In base 15, what is -9 +